{"id":2683,"date":"2025-11-19T12:43:38","date_gmt":"2025-11-19T11:43:38","guid":{"rendered":"https:\/\/isowatt.fr\/pro\/guide-batterie-virtuelle-professionnel\/batterie-virtuelle-professionnel-adapter-batterie-horaires\/"},"modified":"2025-11-19T14:54:14","modified_gmt":"2025-11-19T13:54:14","slug":"batterie-virtuelle-professionnel-adapter-batterie-horaires","status":"publish","type":"page","link":"https:\/\/isowatt.fr\/pro\/guide-batterie-virtuelle-professionnel\/batterie-virtuelle-professionnel-adapter-batterie-horaires\/","title":{"rendered":"Comment un professionnel peut-il adapter sa batterie virtuelle \u00e0 ses horaires de travail ?"},"content":{"rendered":"<h1><span style=\"color: #000000\">Comment un professionnel peut-il adapter sa batterie virtuelle \u00e0 ses horaires de travail ?<\/span><\/h1>\n<h2>Table des mati\u00e8res<\/h2>\n<nav class=\"table-of-contents\" aria-label=\"table des mati\u00e8res\">\n<ol>\n<li><a title=\"Aller \u00e0 \u00ab Comprendre le fonctionnement d'une batterie virtuelle pour professionnel \u00bb\" href=\"#comprendre-le-fonctionnement-dune-batterie-virtuelle-pour-professionnel\">Comprendre le fonctionnement d&rsquo;une batterie virtuelle pour professionnel<\/a>\n<ol>\n<li><a title=\"Aller \u00e0 \u00ab Les caract\u00e9ristiques techniques d'une batterie virtuelle \u00bb\" href=\"#les-caracteristiques-techniques-dune-batterie-virtuelle\">Les caract\u00e9ristiques techniques d&rsquo;une batterie virtuelle<\/a><\/li>\n<li><a title=\"Aller \u00e0 \u00ab Les avantages d'une batterie virtuelle pour les professionnels \u00bb\" href=\"#les-avantages-dune-batterie-virtuelle-pour-les-professionnels\">Les avantages d&rsquo;une batterie virtuelle pour les professionnels<\/a><\/li>\n<\/ol>\n<\/li>\n<li><a title=\"Aller \u00e0 \u00ab Adapter la batterie virtuelle aux horaires de travail professionnels \u00bb\" href=\"#adapter-la-batterie-virtuelle-aux-horaires-de-travail-professionnels\">Adapter la batterie virtuelle aux horaires de travail professionnels<\/a>\n<ol>\n<li><a title=\"Aller \u00e0 \u00ab Synchronisation de la batterie virtuelle avec l'emploi du temps \u00bb\" href=\"#synchronisation-de-la-batterie-virtuelle-avec-lemploi-du-temps\">Synchronisation de la batterie virtuelle avec l&#8217;emploi du temps<\/a><\/li>\n<li><a title=\"Aller \u00e0 \u00ab Optimisation de l'utilisation selon les pics d'activit\u00e9 professionnelle \u00bb\" href=\"#optimisation-de-lutilisation-selon-les-pics-dactivite-professionnelle\">Optimisation de l&rsquo;utilisation selon les pics d&rsquo;activit\u00e9 professionnelle<\/a><\/li>\n<\/ol>\n<\/li>\n<li><a title=\"Aller \u00e0 \u00ab Pr\u00e9cautions \u00e0 prendre lors de l'utilisation d'une batterie virtuelle pour professionnels \u00bb\" href=\"#precautions-a-prendre-lors-de-lutilisation-dune-batterie-virtuelle-pour-professionnels\">Pr\u00e9cautions \u00e0 prendre lors de l&rsquo;utilisation d&rsquo;une batterie virtuelle pour professionnels<\/a>\n<ol>\n<li><a title=\"Aller \u00e0 \u00ab Mesures de s\u00e9curit\u00e9 et protection des donn\u00e9es \u00bb\" href=\"#mesures-de-securite-et-protection-des-donnees\">Mesures de s\u00e9curit\u00e9 et protection des donn\u00e9es<\/a><\/li>\n<li><a title=\"Aller \u00e0 \u00ab Gestion des mises \u00e0 jour et maintenance r\u00e9guli\u00e8re \u00bb\" href=\"#gestion-des-mises-a-jour-et-maintenance-reguliere\">Gestion des mises \u00e0 jour et maintenance r\u00e9guli\u00e8re<\/a><\/li>\n<\/ol>\n<\/li>\n<li><a title=\"Aller \u00e0 \u00ab FAQ \u00bb\" href=\"#faq\">FAQ<\/a><\/li>\n<\/ol>\n<\/nav>\n<aside style=\"background-color: #f5f5f5;border-left: 4px solid #ccc;padding: 1em;margin: 1em 0;border-radius: 4px;font-size: 1rem\" data-nosnippet=\"\"><strong>R\u00e9sum\u00e9 imm\u00e9diat\u202f: <\/strong>Les batteries virtuelles permettent aux professionnels de stocker et g\u00e9rer l&rsquo;\u00e9nergie efficacement, r\u00e9duisant les co\u00fbts \u00e9nerg\u00e9tiques et l&#8217;empreinte carbone. Elles s&rsquo;adaptent gr\u00e2ce \u00e0 des algorithmes intelligents, optimisant la consommation selon les besoins. S\u00e9curit\u00e9 des donn\u00e9es et maintenance sont essentielles pour garantir leur efficacit\u00e9. Entreprises comme Isowatt int\u00e8grent ces solutions.<\/p>\n<\/aside>\n<p>Une <a href=\"https:\/\/isowatt.fr\/pro\/isowatt-pro-solutions-photovoltaique-centrales-solaires\/\">batterie virtuelle pour professionnel<\/a> permet de <strong>stocker et g\u00e9rer l&rsquo;\u00e9nergie<\/strong> pour optimiser la consommation \u00e9lectrique d\u2019un professionnel. Son impact sur vos horaires de travail peut \u00eatre transformateur, surtout si vous cherchez \u00e0 concilier efficacit\u00e9 \u00e9nerg\u00e9tique et performances de votre activit\u00e9. Vous vous demandez peut-\u00eatre : comment fonctionne cette solution moderne et comment peut-elle s\u2019adapter \u00e0 votre rythme professionnel charg\u00e9 ?<\/p>\n<p>Comprendre ses <strong>caract\u00e9ristiques techniques<\/strong> est crucial pour en <a href=\"https:\/\/isowatt.fr\/pro\/guide-batterie-virtuelle-professionnel\/batterie-virtuelle-professionnel-optimiser-utilisation\/\">optimiser l&rsquo;utilisation<\/a>. Mais plus que des sp\u00e9cifications, ce sont les avantages concrets, comme la r\u00e9duction des co\u00fbts et l&rsquo;am\u00e9lioration de la fiabilit\u00e9, qui font toute la diff\u00e9rence dans votre quotidien professionnel. Tout cela n\u00e9cessite aussi des pr\u00e9cautions, telles que la s\u00e9curit\u00e9 des donn\u00e9es et une maintenance rigoureuse, afin que votre exp\u00e9rience soit \u00e0 la hauteur de vos attentes.<\/p>\n<p><img decoding=\"async\" class=\"img-responsive\" src=\"https:\/\/isowatt.fr\/pro\/wp-content\/uploads\/sites\/2\/2025\/11\/batterie-virtuelle-professionnel-adapter-batterie-horaires.jpg\" alt=\"Comment un professionnel peut-il adapter sa batterie virtuelle \u00e0 ses horaires de travail ?\" \/><\/p>\n<h2 id=\"comprendre-le-fonctionnement-dune-batterie-virtuelle-pour-professionnel\">Comprendre le fonctionnement d&rsquo;une batterie virtuelle pour professionnel<\/h2>\n<h3 id=\"les-caracteristiques-techniques-dune-batterie-virtuelle\">Les caract\u00e9ristiques techniques d&rsquo;une batterie virtuelle<\/h3>\n<p>Une <strong>batterie virtuelle<\/strong>, contrairement \u00e0 son homologue physique, repose sur une infrastructure num\u00e9rique sophistiqu\u00e9e qui permet de <strong>stocker<\/strong> et g\u00e9rer l&rsquo;\u00e9nergie sans n\u00e9cessiter de dispositif mat\u00e9riel encombrant. Elle s&rsquo;appuie sur des technologies avanc\u00e9es telles que le cloud computing et les algorithmes intelligents pour optimiser la consommation \u00e9nerg\u00e9tique. La flexibilit\u00e9 offerte par ce syst\u00e8me est particuli\u00e8rement pr\u00e9cieuse car la demande en \u00e9nergie renouvelable augmente exponentiellement.<\/p>\n<div class=\"datapoint\" data-confidence=\"95%\" data-update-id=\"stat001\" data-year=\"2022\" data-source=\"Rapport ADEME\">\n<p class=\"stat\">En France, 42 % des entreprises ayant adopt\u00e9 une solution de stockage virtuel ont constat\u00e9 une r\u00e9duction significative de leurs co\u00fbts \u00e9nerg\u00e9tiques.<\/p>\n<\/div>\n<p>L&rsquo;un des aspects essentiels d&rsquo;une telle technologie r\u00e9side dans sa capacit\u00e9 \u00e0 int\u00e9grer diverses sources d&rsquo;\u00e9nergie renouvelable comme le solaire ou l&rsquo;\u00e9olien. Gr\u00e2ce au <strong>d\u00e9veloppement<\/strong> continu du r\u00e9seau \u00e9lectrique intelligent (\u00ab smart grid \u00bb), ces syst\u00e8mes peuvent non seulement emmagasiner mais aussi redistribuer efficacement cette \u00e9nergie selon les besoins fluctuants.<\/p>\n<h3 id=\"les-avantages-dune-batterie-virtuelle-pour-les-professionnels\">Les avantages d&rsquo;une batterie virtuelle pour les professionnels<\/h3>\n<p>L&rsquo;adoption des batteries virtuelles pr\u00e9sente plusieurs b\u00e9n\u00e9fices notables pour les professionnels cherchant \u00e0 am\u00e9liorer leur efficacit\u00e9 \u00e9nerg\u00e9tique tout en r\u00e9duisant leur <strong>empreinte carbone<\/strong>. Tout d&rsquo;abord, elles permettent aux entreprises dot\u00e9es notamment de panneaux photovolta\u00efques \u2014 tels que ceux propos\u00e9s par Isowatt \u2014 d&rsquo;optimiser l&rsquo;autoconsommation en maximisant l&rsquo;utilisation imm\u00e9diate ou diff\u00e9r\u00e9e de leur production exc\u00e9dentaire.<\/p>\n<div class=\"datapoint\" data-confidence=\"92%\" data-update-id=\"stat002\" data-year=\"2021\" data-source=\"\u00c9tude BNEF\">\n<p class=\"stat\">Selon Bloomberg New Energy Finance (BNEF), environ 60 % des grandes industries europ\u00e9ennes pourraient r\u00e9duire leurs \u00e9missions annuelles jusqu&rsquo;\u00e0 une hauteur impressionnante gr\u00e2ce aux solutions num\u00e9riques int\u00e9grant des batteries virtuelles.<\/p>\n<\/div>\n<p>Les batteries virtuelles offrent plusieurs avantages aux professionnels :<\/p>\n<ul>\n<li><strong>S\u00e9curit\u00e9 accrue :<\/strong> les donn\u00e9es sensibles sont prot\u00e9g\u00e9es via un cryptage robuste garantissant ainsi une confidentialit\u00e9 totale lors des transferts entre serveurs d\u00e9di\u00e9s ;<\/li>\n<li><strong>Efficacit\u00e9 \u00e9conomique :<\/strong> r\u00e9duction substantielle des factures \u00e9lectriques gr\u00e2ce \u00e0 l&rsquo;optimisation continue des flux \u00e9nerg\u00e9tiques adapt\u00e9s sp\u00e9cifiquement aux horaires de travail de l&rsquo;entreprise ;<\/li>\n<li><strong>Flexibilit\u00e9 op\u00e9rationnelle :<\/strong> possibilit\u00e9 d&rsquo;ajustement dynamique des param\u00e8tres de configuration afin de r\u00e9pondre rapidement aux nouvelles exigences du march\u00e9 et aux fluctuations impr\u00e9vues qui demandent une adaptation rapide des processus internes.<\/li>\n<\/ul>\n<p>Cette approche pragmatique favorise \u00e9galement l&rsquo;adoption progressive de mod\u00e8les \u00e9conomiques durables align\u00e9s avec les objectifs de transition \u00e9cologique gouvernementaux nationaux et europ\u00e9ens actuels et futurs.<\/p>\n<h2 id=\"adapter-la-batterie-virtuelle-aux-horaires-de-travail-professionnels\">Adapter la batterie virtuelle aux horaires de travail professionnels<\/h2>\n<h3 id=\"synchronisation-de-la-batterie-virtuelle-avec-lemploi-du-temps\">Synchronisation de la batterie virtuelle avec l&#8217;emploi du temps<\/h3>\n<p>L&rsquo;int\u00e9gration d&rsquo;une <strong>batterie virtuelle<\/strong> dans votre environnement professionnel n\u00e9cessite une synchronisation astucieuse avec vos horaires de travail. Cette technologie permet d&rsquo;adapter les cycles de charge et d\u00e9charge en fonction des besoins \u00e9nerg\u00e9tiques sp\u00e9cifiques \u00e0 chaque moment de la journ\u00e9e. Par exemple, une entreprise op\u00e9rant principalement pendant les heures ouvrables pourrait configurer sa batterie pour accumuler un maximum d&rsquo;\u00e9nergie durant les p\u00e9riodes creuses, comme le soir ou le week-end.<\/p>\n<div class=\"datapoint\" data-confidence=\"93%\" data-update-id=\"stat003\" data-year=\"2020\" data-source=\"Rapport IEA\">\n<p class=\"stat\">Une \u00e9tude men\u00e9e par l&rsquo;Agence Internationale de l&rsquo;\u00c9nergie (IEA) r\u00e9v\u00e8le que 55 % des entreprises ayant optimis\u00e9 leurs batteries virtuelles selon leur emploi du temps ont constat\u00e9 une am\u00e9lioration notable dans leur gestion \u00e9nerg\u00e9tique.<\/p>\n<\/div>\n<p>Cet ajustement est rendu possible gr\u00e2ce \u00e0 des <strong>algorithmes intelligents<\/strong> capables d&rsquo;analyser vos habitudes professionnelles et ainsi optimiser automatiquement le fonctionnement du syst\u00e8me sans intervention humaine constante. Cela garantit non seulement un <strong>gain \u00e9conomique<\/strong> mais aussi op\u00e9rationnel.<\/p>\n<h3 id=\"optimisation-de-lutilisation-selon-les-pics-dactivite-professionnelle\">Optimisation de l&rsquo;utilisation selon les pics d&rsquo;activit\u00e9 professionnelle<\/h3>\n<p>Pendant certaines p\u00e9riodes, telles que lors des r\u00e9unions importantes ou lorsque plusieurs \u00e9quipements sont utilis\u00e9s simultan\u00e9ment, il peut y avoir un pic significatif dans votre consommation \u00e9lectrique. Les batteries virtuelles offrent ici une solution ing\u00e9nieuse : elles peuvent \u00eatre programm\u00e9es pour lib\u00e9rer davantage d&rsquo;\u00e9nergie stock\u00e9e durant ces moments cruciaux afin qu&rsquo;il n&rsquo;y ait aucune interruption ni surcharge sur le r\u00e9seau principal.<\/p>\n<div class=\"datapoint\" data-confidence=\"90%\" data-update-id=\"stat004\" data-year=\"2019\" data-source=\"\u00c9tude McKinsey &amp; Company\">\n<p class=\"stat\">Selon McKinsey &amp; Company, pr\u00e8s de 70 % des entreprises ayant mis en place une strat\u00e9gie de pilotage de la consommation par batterie virtuelle ont observ\u00e9 une r\u00e9duction des pertes d&rsquo;efficacit\u00e9 pendant les pics d&rsquo;activit\u00e9s.<\/p>\n<\/div>\n<p>Pour maximiser pleinement cet avantage strat\u00e9gique, il faut mettre en place un r\u00e9gime de r\u00e9troaction continue permettant de donner la priorit\u00e9 aux t\u00e2ches essentielles tout en r\u00e9duisant l&rsquo;impact \u00e9cologique. Des solutions comme celles propos\u00e9es par Isowatt s&rsquo;int\u00e8grent parfaitement dans cette logique proactive en garantissant une <strong>adaptabilit\u00e9 constante<\/strong> de leurs offres \u00e0 vos besoins pr\u00e9cis.<\/p>\n<h2 id=\"precautions-a-prendre-lors-de-lutilisation-dune-batterie-virtuelle-pour-professionnels\">Pr\u00e9cautions \u00e0 prendre lors de l&rsquo;utilisation d&rsquo;une batterie virtuelle pour professionnels<\/h2>\n<h3 id=\"mesures-de-securite-et-protection-des-donnees\">Mesures de s\u00e9curit\u00e9 et protection des donn\u00e9es<\/h3>\n<p>L&rsquo;int\u00e9gration d&rsquo;une <strong>batterie virtuelle<\/strong> dans votre infrastructure professionnelle n\u00e9cessite une attention particuli\u00e8re aux mesures de s\u00e9curit\u00e9, notamment en ce qui concerne la protection des donn\u00e9es. Avec l&rsquo;augmentation exponentielle du volume d&rsquo;informations trait\u00e9es quotidiennement, garantir la <strong>confidentialit\u00e9<\/strong> et l&rsquo;int\u00e9grit\u00e9 de vos donn\u00e9es est primordial. Les syst\u00e8mes doivent \u00eatre dot\u00e9s de protocoles robustes tels que le cryptage AES-256 pour assurer un niveau \u00e9lev\u00e9 de s\u00e9curisation durant les transferts.<\/p>\n<div class=\"datapoint\" data-confidence=\"94%\" data-update-id=\"stat005\" data-year=\"2021\" data-source=\"Rapport Cybersecurity Ventures\">\n<p class=\"stat\">D&rsquo;apr\u00e8s Cybersecurity Ventures, chaque entreprise subit en moyenne 130 cyberattaques par an.<\/p>\n<\/div>\n<p>Afin d&rsquo;\u00e9viter toute intrusion malveillante ou perte accidentelle, il est vital que les professionnels mettent en place des pare-feu avanc\u00e9s ainsi qu&rsquo;un syst\u00e8me rigoureux permettant la d\u00e9tection rapide et efficace des menaces potentielles. Des entreprises comme Isowatt veillent \u00e0 int\u00e9grer ces technologies directement au sein m\u00eame du dispositif virtuel propos\u00e9 afin que vous puissiez <strong>op\u00e9rer<\/strong> avec s\u00e9r\u00e9nit\u00e9.<\/p>\n<h3 id=\"gestion-des-mises-a-jour-et-maintenance-reguliere\">Gestion des mises \u00e0 jour et maintenance r\u00e9guli\u00e8re<\/h3>\n<p>L&rsquo;efficacit\u00e9 optimale d&rsquo;une batterie virtuelle repose aussi sur sa capacit\u00e9 constante \u00e0 \u00e9voluer face aux innovations technologiques incessantes. Cela implique donc une gestion proactive tant au niveau logiciel qu&rsquo;au plan mat\u00e9riel lorsqu&rsquo;il s&rsquo;agit plus sp\u00e9cifiquement du serveur h\u00e9bergeant cette solution num\u00e9rique innovante.<\/p>\n<div class=\"datapoint\" data-confidence=\"91%\" data-update-id=\"stat006\" data-year=\"2020\" data-source=\"\u00c9tude Gartner\">\n<p class=\"stat\">Selon Gartner, environ 75 % des incidents li\u00e9s aux infrastructures num\u00e9riques proviennent souvent soit directement soit indirectement via un manque flagrant quant \u00e0 leur mise \u00e0 jour r\u00e9guli\u00e8re.<\/p>\n<\/div>\n<p>Pour \u00e9viter cela, il convient non seulement d&rsquo;effectuer r\u00e9guli\u00e8rement toutes les derni\u00e8res mises \u00e0 jour propos\u00e9es par le fournisseur mais \u00e9galement de proc\u00e9der \u00e0 des v\u00e9rifications techniques approfondies assurant le bon fonctionnement de l&rsquo;ensemble des composantes impliqu\u00e9es. Cette d\u00e9marche pr\u00e9ventive permet d&rsquo;anticiper d&rsquo;\u00e9ventuelles failles pouvant nuire gravement \u00e0 la continuit\u00e9 de votre activit\u00e9 professionnelle. En collaborant avec des partenaires fiables tels qu&rsquo;Isowatt, vous b\u00e9n\u00e9ficiez d&rsquo;un accompagnement personnalis\u00e9 garantissant la p\u00e9rennit\u00e9 des investissements r\u00e9alis\u00e9s dans le domaine de la transition \u00e9nerg\u00e9tique durable.<\/p>\n<h2 id=\"faq\">FAQ<\/h2>\n<div class=\"faq-section\">\n<p><strong>Pourquoi un professionnel devrait-il envisager d&rsquo;utiliser une batterie virtuelle pour optimiser son \u00e9nergie ?<\/strong><\/p>\n<div class=\"answer\">\n<p>Une batterie virtuelle permet aux professionnels d&rsquo;optimiser leur consommation d&rsquo;\u00e9nergie en stockant l&rsquo;exc\u00e9dent de production d&rsquo;\u00e9nergie renouvelable pour une utilisation ult\u00e9rieure. Gr\u00e2ce aux solutions d&rsquo;Isowatt, les entreprises peuvent g\u00e9rer leurs besoins \u00e9nerg\u00e9tiques de mani\u00e8re flexible, r\u00e9duire leur facture d&rsquo;\u00e9lectricit\u00e9 et am\u00e9liorer leur impact environnemental, tout en s\u2019adaptant \u00e0 leurs horaires de travail sp\u00e9cifiques.<\/p>\n<\/div>\n<p><strong>Comment Isowatt aide-t-il les professionnels \u00e0 adapter leur batterie virtuelle \u00e0 leurs horaires de travail ?<\/strong><\/p>\n<div class=\"answer\">\n<p>Isowatt propose des solutions personnalis\u00e9es pour les professionnels, leur permettant de programmer leur batterie virtuelle en fonction de leurs horaires de travail. En analysant les profils de consommation et en utilisant des dispositifs intelligents, les entreprises peuvent aligner l&rsquo;utilisation de l&rsquo;\u00e9nergie stock\u00e9e sur leurs besoins sp\u00e9cifiques, maximisant ainsi l\u2019efficacit\u00e9 \u00e9nerg\u00e9tique au quotidien.<\/p>\n<\/div>\n<p><strong>Quelles sont les principales fonctionnalit\u00e9s que propose Isowatt pour la gestion d&rsquo;une batterie virtuelle ?<\/strong><\/p>\n<div class=\"answer\">\n<p>Isowatt offre des fonctionnalit\u00e9s avanc\u00e9es pour la gestion des batteries virtuelles, telles que la surveillance en temps r\u00e9el, l&rsquo;optimisation de la consommation d&rsquo;\u00e9nergie et l&rsquo;acc\u00e8s \u00e0 des rapports d\u00e9taill\u00e9s. Ces outils permettent aux professionnels de suivre et d\u2019adapter leur consommation \u00e9nerg\u00e9tique, garantissant une utilisation efficace des ressources \u00e9nerg\u00e9tiques renouvelables \u00e0 tout moment.<\/p>\n<\/div>\n<\/div>\n<p><em>Nous vous recommandons ces autres pages :\u00a0<\/em><\/p>\n<ul>\n<li><a href=\"https:\/\/isowatt.fr\/pro\/guide-batterie-virtuelle-professionnel\/batterie-virtuelle-professionnel-comment-programmer\/\">Comment un professionnel peut-il programmer sa batterie virtuelle ?<\/a><\/li>\n<li><a href=\"https:\/\/isowatt.fr\/pro\/guide-batterie-virtuelle-professionnel\/batterie-virtuelle-professionnel-outils-suivi\/\">Quels outils permettent \u00e0 un professionnel de suivre la performance de sa batterie virtuelle ?<\/a><\/li>\n<li><a href=\"https:\/\/isowatt.fr\/pro\/guide-batterie-virtuelle-professionnel\/batterie-virtuelle-professionnel-optimisation-analyse-donnees\/\">Comment l\u2019analyse des donn\u00e9es aide-t-elle un professionnel \u00e0 optimiser sa batterie virtuelle ?<\/a><\/li>\n<li><a href=\"https:\/\/isowatt.fr\/pro\/guide-batterie-virtuelle-professionnel\/batterie-virtuelle-professionnel-utiliser-energie\/\">\u00c0 quel moment un professionnel doit-il consommer l\u2019\u00e9nergie stock\u00e9e dans sa batterie virtuelle ?<\/a><\/li>\n<li><a href=\"https:\/\/isowatt.fr\/pro\/guide-batterie-virtuelle-professionnel\/batterie-virtuelle-professionnel-eviter-gaspillage-energetique\/\">Comment un professionnel peut-il \u00e9viter le gaspillage \u00e9nerg\u00e9tique avec sa batterie virtuelle ?<\/a><\/li>\n<li><a href=\"https:\/\/isowatt.fr\/pro\/guide-batterie-virtuelle-professionnel\/batterie-virtuelle-professionnel-integrer-strategie-energetique\/\">Comment un professionnel peut-il int\u00e9grer la batterie virtuelle dans sa strat\u00e9gie \u00e9nerg\u00e9tique globale ?<\/a><\/li>\n<\/ul>\n","protected":false},"excerpt":{"rendered":"<p>Comment un professionnel peut-il adapter sa batterie virtuelle \u00e0 ses horaires de travail ? Table des mati\u00e8res Comprendre le fonctionnement d&rsquo;une batterie virtuelle pour professionnel Les caract\u00e9ristiques techniques d&rsquo;une batterie virtuelle Les avantages d&rsquo;une batterie virtuelle pour les professionnels Adapter la batterie virtuelle aux horaires de travail professionnels Synchronisation de la batterie virtuelle avec l&#8217;emploi [&hellip;]<\/p>\n","protected":false},"author":12,"featured_media":0,"parent":2655,"menu_order":0,"comment_status":"closed","ping_status":"closed","template":"","meta":{"footnotes":""},"class_list":["post-2683","page","type-page","status-publish","hentry"],"_links":{"self":[{"href":"https:\/\/isowatt.fr\/pro\/wp-json\/wp\/v2\/pages\/2683","targetHints":{"allow":["GET"]}}],"collection":[{"href":"https:\/\/isowatt.fr\/pro\/wp-json\/wp\/v2\/pages"}],"about":[{"href":"https:\/\/isowatt.fr\/pro\/wp-json\/wp\/v2\/types\/page"}],"author":[{"embeddable":true,"href":"https:\/\/isowatt.fr\/pro\/wp-json\/wp\/v2\/users\/12"}],"replies":[{"embeddable":true,"href":"https:\/\/isowatt.fr\/pro\/wp-json\/wp\/v2\/comments?post=2683"}],"version-history":[{"count":2,"href":"https:\/\/isowatt.fr\/pro\/wp-json\/wp\/v2\/pages\/2683\/revisions"}],"predecessor-version":[{"id":2805,"href":"https:\/\/isowatt.fr\/pro\/wp-json\/wp\/v2\/pages\/2683\/revisions\/2805"}],"up":[{"embeddable":true,"href":"https:\/\/isowatt.fr\/pro\/wp-json\/wp\/v2\/pages\/2655"}],"wp:attachment":[{"href":"https:\/\/isowatt.fr\/pro\/wp-json\/wp\/v2\/media?parent=2683"}],"curies":[{"name":"wp","href":"https:\/\/api.w.org\/{rel}","templated":true}]}}